(-3) composite?
False
Is ((-1326)/18)/(2/(-6)) a composite number?
True
Suppose -5*s = -0*p + 3*p + 2079, 0 = 3*s - 3*p + 1257. Let a = -140 - s. Suppose -5*x + 4*q + a = 0, -5*x + 206 = -x + 2*q. Is x a prime number?
True
Let r be (-10)/15*39/(-2). Suppose -r - 55 = -2*n. Is n prime?
False
Suppose -12*f + 15*f - 1443 = 0. Is f prime?
False
Let b(y) = -3*y**3 - 5*y**2 - 3*y - 4. Let r be b(-3). Suppose r + 15 = 4*g - 4*a, 4*a = 5*g - 71. Is g prime?
False
Let d(b) = 1827*b**3 - 2*b**2 - 2*b - 1. Let o be d(-1). Let y be (o/(-6))/(1/(-3)). Is 2/(-7) - y/14 a composite number?
True
Let x = 3 + -3. Suppose 5*c = 3*j + 90, 3*c - 5*j - 16 - 22 = x. Is c a composite number?
True
Suppose 3*c + 3*n - 591 = 0, 3*c - 2*n = -0*c + 616. Is c composite?
True
Let f(c) = c - 11. Let o be f(10). Let g be o - -11 - (0 - -1). Let i(v) = 3*v - 6. Is i(g) a prime number?
False
Let r = 1134 + -777. Suppose r + 148 = y. Is y composite?
True
Suppose -4*r + 352 = -424. Is r a prime number?
False
Let c = 268 - 103. Is (-2)/(-5) - c/(-25) prime?
True
Suppose b - 1205 = 452. Is b composite?
False
Let c be (-1 - -1)/(-2) - -2. Suppose -c = -2*i, -4*u + 16 = -2*i - 6. Suppose -u*a + 75 = -a. Is a composite?
True
Let o(t) be the second derivative of t**4/3 - 4*t**3/3 + 5*t**2/2 + 3*t. Is o(9) a composite number?
False
Let t = 1 + -2. Let v be (t - 17)*(-6)/9. Suppose c + 5*g - 59 = -v, 0 = -2*c + g + 72. Is c a prime number?
True
Let j be 0 - 4*1/(-2). Suppose 4*v - 5*u = 21 + 50, -j*v + 4*u = -34. Is v prime?
True
Let o(l) = 3606*l**2 + l. Let s be o(-1). Suppose 0*u = -5*u + s. Suppose 2*z = 4, 0 = 5*d - 4*z - 46 - u. Is d composite?
True
Let m = 44 + -29. Suppose -3*r = 5*b + 7, m = 5*r + 4*b - b. Is r/(-2) + 1 + 4 a prime number?
True
Let b(o) = -77*o + 7. Is b(-6) a composite number?
True
Let f(k) = 30*k - 1. Let v = 2 + -1. Let l be f(v). Suppose 5*d - 44 = -3*a, 5*d = -a + 3*a + l. Is d prime?
True
Let w(z) = 230*z**2 - 2*z - 1. Let o be w(-1). Suppose -7*b = -4*b - o. Is b composite?
True
Let h(o) = 10*o**2 - 8*o + 11. Is h(8) a composite number?
False
Suppose -4*c = -8*c + 816. Let f = c - -551. Is f a prime number?
False
Let i be (-2 - 4)*4/(-6). Suppose -5*s + 397 = -i*s. Is s composite?
False
Suppose 5*l - 4*z - 2033 = 0, 0 = 4*z - 16 + 4. Is l prime?
True
Let w = -83 + 1428. Is w composite?
True
Let h(s) = s**2 + 7*s - 7. Let f be h(-8). Suppose -2*r - f = -9. Suppose 29 = r*g - 279. Is g composite?
True
Suppose 5*p = -2*j + 29, 7*j - 78 = 4*j + 4*p. Is j a prime number?
False
Suppose 4*p + 259 = 5*p. Is p composite?
True
Suppose 10*y - 5*y - 30 = 0. Let x = -2 + y. Suppose 196 = x*i + 48. Is i composite?
False
Suppose -y + 3*g = -47 - 15, -y - 3*g + 56 = 0. Is y prime?
True
Suppose -s - 3*s + 2960 = p, 4*s - 2948 = 2*p. Is s prime?
True
Suppose -2*k + 6*k + x + 3 = 0, 4*x - 24 = 2*k. Suppose 0*u + 4*u + 4*b = 20, 4*u + 4 = 2*b. Is u*(k + 0 + 93) prime?
False
Suppose 0 = 3*z + z. Suppose z*a + a = -2*f + 363, -f = -a + 375. Is a a composite number?
True
Let o(t) = -2*t**2 - 5*t - 7. Let j be o(-6). Let f = -26 - j. Let u = 14 + f. Is u a composite number?
False
Let b = -14 - -32. Let k be 40/b + 2/(-9). Suppose -6 = -k*i - i. Is i prime?
True
Let i = 3027 + 7426. Is i prime?
True
Let n(p) = -720*p - 4. Let k be n(-7). Suppose 0*s - k = -4*s. Is s prime?
True
Let d be -22*((-2)/(-4) - 0). Let p(y) = y**2 + 4*y - 10. Is p(d) composite?
False
Let a(i) = -i**3 - 3*i**2 - 2*i - 3. Let b be a(-3). Is (2 - 1)/(b/951) prime?
True
Let q be (1 + 8)*6/9. Let l(u) = 12*u - 7. Is l(q) a composite number?
True
Suppose 3*n - 3*y - 283 = -y, 5*n - 3*y - 473 = 0. Is n a prime number?
True
Let b = -4 - -8. Suppose 3*h = 12, -5*r + 488 = -r + b*h. Is r a composite number?
True
Suppose -4*x = v - 5131, 6*x - 5*x = 4*v + 1287. Is x composite?
False
Suppose -4*i - 5*u - 2943 = -12222, 5*u = 3*i - 6968. Is i prime?
False
Let u = -124 - -56. Let q = -3 - u. Is q composite?
True
Let k(t) be the second derivative of 0 + 13/6*t**3 - 3/4*t**4 + 4*t - 1/20*t**5 - t**2. Is k(-11) a prime number?
True
Let t = -373 - -854. Is t a prime number?
False
Suppose 6*x = 534 - 72. Is x prime?
False
Suppose -3*l - 2*l + 30 = 0. Let y be (0 + 7)/(1/l). Suppose 3*b - 3 = y. Is b composite?
True
Let l = -136 + 6. Let d = -93 - l. Is d prime?
True
Let q = -2139 - -1461. Is q/4*2/(-3) a prime number?
True
Suppose 2*h = 92 + 114. Let f = h - 16. Let s = 136 - f. Is s composite?
True
Let p = -8 + 11. Let j(f) = 13*f**2 - 2*f + 4. Is j(p) prime?
False
Suppose d = -3*d - 3*w + 535, 2*w = -2*d + 268. Is d prime?
False
Let z = 25 - 15. Suppose 3*c - c = z. Suppose s - 8 - c = 0. Is s a composite number?
False
Let p be (-28)/5*(-50)/(-4). Let v = p + 121. Is v a prime number?
False
Let j = -29 - -5. Suppose -74 = -2*o + o + 2*x, -4*o - 5*x = -309. Is j/(-16)*o/3 prime?
False
Let l = 346 + -53. Is l prime?
True
Suppose 0 = -3*v + v + 20. Let s(u) = 3*u**2 - 15*u + 7. Is s(v) a composite number?
False
Let v(t) = t**3 - 2*t**2 - t - 3. Let n be v(3). Suppose 30 + 12 = n*w - 3*c, -w - c = -24. Is w a prime number?
True
Let o = 11 + -11. Is (o - 1)/((-5)/815) a prime number?
True
Suppose -4 = -f - 22. Let m = 71 + f. Is m prime?
True
Suppose 23 = 2*n - 3*d, -d - 10 = d. Let g be 2 + (-1)/(-2)*n. Suppose 0*p = g*p - 84. Is p a prime number?
False
Let b = 229 - -1723. Suppose 0*p = 4*p - b. Suppose 3*f + 3 = 0, 8*x - 3*x = 3*f + p. Is x a composite number?
False
Let k(i) = -i**3 - 2*i**2 + 2*i. Let c be k(-3). Suppose 2*h - c*r - 217 = 0, -4*h + 129 + 338 = 5*r. Is h a composite number?
False
Let u(f) = f**3 + 20*f**2 - 2*f - 2. Is u(-13) composite?
True
Suppose -u - 2*n + 291 = 31, -5*u = -2*n - 1264. Suppose -4*f = -2*f - u. Is f a composite number?
False
Let o(b) = -b**3 - 7*b**2 + 6*b - 8. Let c be o(-8). Let t(n) = 3*n**2 + c*n + 2*n**2 - 2*n**2. Is t(-7) composite?
True
Let w be -1 + -3 - (-1 + -2). Is (-2)/w*(-109)/(-2) prime?
True
Suppose -5*s - 14 = -3*w, -3*s - 3*w + 3 + 3 = 0. Let n be 0 + 2 + (27 - s). Suppose n = -d + 4*d. Is d prime?
False
Let d(r) = -116*r + 1. Is d(-2) a prime number?
True
Suppose -2*q = -4*f - 2602, 2*q + 2*q + 4*f = 5156. Is q composite?
True
Let j(t) = -t**3 + 7*t**2 - 5*t + 1. Let i be j(6). Suppose -8*p + i*p = -115. Is p prime?
False
Let t be ((-6)/(-9))/(4/4254). Let q = -290 + t. Is q a composite number?
False
Let r(o) = o - 11. Let d be r(11). Let z(i) be the first derivative of i**3/3 - i**2/2 + 149*i - 2. Is z(d) composite?
False
Let k(h) = 25*h - 1. Let s be k(-5). Let n = 185 + s. Is n composite?
False
Let u be (39/(-6))/((-2)/(-8)). Let m = 20 - u. Is m a prime number?
False
Suppose 0 = 5*q - k - 0*k + 15438, 2*q + 4*k = -6162. Is q/(-35) - (-4)/5 composite?
False
Let a be -2 + 0 - (-128)/(-2). Let u = a - -143. Is u a prime number?
False
Let d be 14/4 - 3/6. Let z(h) = 25*h + 4. Is z(d) a prime number?
True
Is (1402/(-4)*1)/(2/(-4)) composite?
False
Suppose 0 - 3685 = -5*u. Is u a composite number?
True
Suppose -4*i - 20 + 387 = z, 0 = -3*z + 2*i + 1115. Is z a composite number?
True
Is (-11540)/(-16) - (45/(-12) + 4) composite?
True
Let h(q) = 78*q**2 + 2*q + 13. Is h(5) composite?
False
Suppose -2*z = 4*m + 2*z - 152, -5*z + 54 = m. Suppose -4*q + 49 = 5*s, 5*q = q - 2*s + m. Let r(v) = 2*v**2 - 8*v - 3. Is r(q) a prime number?
False
Suppose 0*h + 3*h = 165. Is h a prime number?
False
Let q(g) = -g + 17. Let t be q(12). Suppose 5*f = 2*b + 6 + 3, t*b + 2*f - 21 = 0. Suppose -5*d - 40 - 34 = -b*r, -4*r + 5*d = -97. Is r composite?
False
Let m(g) = g. Let b be m(6). Suppose -2*x + 5*o - b = 11, 4*x + 25 = o. Is (70/(-4))/(3/x) prime?
False
Let u = -3 + 6. Let c(j) = -2*j + 1 + 2*j**3 - u*j**3 + 36*j**3 + j**2. Is c(1) a composite number?
True
Suppose -4*i = -4*x + 24, -3*x + i - 3*i = -8. Let n(a) = a**3 - 4*a**2 + a + 5. Let g be n(x). Suppose 0 = 4*d - g*d + 70. Is d prime?
False
Let x(v) = -6*v**3 - 6*v**2 + 10*v - 1. Is x(-7) a composite number?
False
Suppose -4*t = -0*t + 16, -2*f = 4*t - 508. Is f prime?
False
Let j = 11 + -8. Is 76/j + (-4)/(-6) prime?
False
Suppose 0 = -2*n + 3 - 1. Let i(y) = 4*y + 1. Let t be i(n). Suppose -5*l + 252 = t*b + 2, -4*l + b + 185 = 0. Is l a composite number?
False
Is (1/(-2))/((-1)/818) a composite number?
False
Let a = 4312 +